{"id":2,"date":"2025-06-15T13:21:41","date_gmt":"2025-06-15T13:21:41","guid":{"rendered":"https:\/\/www.inklusive-berufsbildung.ch\/?page_id=2"},"modified":"2025-06-15T13:37:41","modified_gmt":"2025-06-15T13:37:41","slug":"sample-page","status":"publish","type":"page","link":"https:\/\/www.inklusive-berufsbildung.ch\/","title":{"rendered":"IBBM \u2013 Eine neue Messe mit einem klaren Fokus"},"content":{"rendered":"\n<p>Die Idee zur \u00abIBBM \u2013 Integrative Berufsbildungsmesse\u00bb entstand aus einem konkreten Bedarf: Jugendliche mit Unterst\u00fctzungsbedarf finden an den g\u00e4ngigen Berufsmessen kaum ein passendes Angebot. Viele dieser Messen richten sich an Sch\u00fclerinnen und Sch\u00fcler, die sich auf eine Lehre im ersten Arbeitsmarkt vorbereiten. F\u00fcr junge Menschen, die auf eine Ausbildung im gesch\u00fctzten oder begleiteten Rahmen angewiesen sind, fehlen gezielte Plattformen.<\/p>\n\n\n\n<p>Das <a href=\"https:\/\/www.sazburgdorf.ch\">SAZ Burgdorf<\/a> bildet seit vielen Jahren Jugendliche mit IV-Unterst\u00fctzung in diversen Berufsfeldern aus. Die Erfahrungen aus der t\u00e4glichen Arbeit sowie der Austausch mit anderen Institutionen haben gezeigt, dass der Bedarf an gezielter beruflicher Orientierung gross ist \u2013 und bislang weitgehend ungedeckt bleibt. Daraus ist die Initiative entstanden, eine eigene Messe f\u00fcr diese Zielgruppe zu konzipieren.<\/p>\n\n\n\n<p>Gemeinsam mit Partnerinstitutionen wird nun eine berufsorientierte Messe ins Leben gerufen, die Jugendlichen mit Unterst\u00fctzungsbedarf praxisnahe Einblicke in m\u00f6gliche Ausbildungswege bietet. Ziel ist es, die Vielfalt an Ausbildungsangeboten im zweiten Arbeitsmarkt sichtbar zu machen, den Austausch zwischen Schulen, Institutionen, IV-Stellen und Eltern zu f\u00f6rdern und neue Perspektiven zu er\u00f6ffnen.<\/p>\n\n\n\n<p>Die erste Durchf\u00fchrung der IBBM ist f\u00fcr September 2025 geplant. Weitere Informationen auf der offiziellen Webseite <a href=\"https:\/\/messe.inklusive-berufsbildung.ch\">messe.inklusive-berufsbildung.ch<\/a><\/p>\n","protected":false},"excerpt":{"rendered":"<p>Die Idee zur \u00abIBBM \u2013 Integrative Berufsbildungsmesse\u00bb entstand aus einem konkreten Bedarf: Jugendliche mit Unterst\u00fctzungsbedarf finden an den g\u00e4ngigen Berufsmessen kaum ein passendes Angebot. Viele dieser Messen richten sich an Sch\u00fclerinnen und Sch\u00fcler, die sich auf eine Lehre im ersten Arbeitsmarkt vorbereiten. F\u00fcr junge Menschen, die auf eine Ausbildung im gesch\u00fctzten oder begleiteten Rahmen angewiesen [&hellip;]<\/p>\n","protected":false},"author":1,"featured_media":0,"parent":0,"menu_order":0,"comment_status":"closed","ping_status":"closed","template":"page-fullwidth.php","meta":{"footnotes":""},"class_list":["post-2","page","type-page","status-publish","hentry"],"_links":{"self":[{"href":"https:\/\/www.inklusive-berufsbildung.ch\/index.php\/wp-json\/wp\/v2\/pages\/2","targetHints":{"allow":["GET"]}}],"collection":[{"href":"https:\/\/www.inklusive-berufsbildung.ch\/index.php\/wp-json\/wp\/v2\/pages"}],"about":[{"href":"https:\/\/www.inklusive-berufsbildung.ch\/index.php\/wp-json\/wp\/v2\/types\/page"}],"author":[{"embeddable":true,"href":"https:\/\/www.inklusive-berufsbildung.ch\/index.php\/wp-json\/wp\/v2\/users\/1"}],"replies":[{"embeddable":true,"href":"https:\/\/www.inklusive-berufsbildung.ch\/index.php\/wp-json\/wp\/v2\/comments?post=2"}],"version-history":[{"count":1,"href":"https:\/\/www.inklusive-berufsbildung.ch\/index.php\/wp-json\/wp\/v2\/pages\/2\/revisions"}],"predecessor-version":[{"id":13,"href":"https:\/\/www.inklusive-berufsbildung.ch\/index.php\/wp-json\/wp\/v2\/pages\/2\/revisions\/13"}],"wp:attachment":[{"href":"https:\/\/www.inklusive-berufsbildung.ch\/index.php\/wp-json\/wp\/v2\/media?parent=2"}],"curies":[{"name":"wp","href":"https:\/\/api.w.org\/{rel}","templated":true}]}}